{"id":902,"date":"2019-11-28T16:56:59","date_gmt":"2019-11-28T14:56:59","guid":{"rendered":"https:\/\/godollo.urbango.hu\/?page_id=902"},"modified":"2021-02-25T16:37:17","modified_gmt":"2021-02-25T14:37:17","slug":"sisi","status":"publish","type":"page","link":"https:\/\/godollo.urbango.hu\/en\/godollo\/sisi\/","title":{"rendered":"Sisi"},"content":{"rendered":"<p>Az itteni p\u00e1lya Erzs\u00e9bet kir\u00e1lyn\u00e9, Sisi kedvenc vir\u00e1ga ut\u00e1n az ibolya sz\u00edn\u00e9t kapta, \u00e9s ha \u00fcgyesek vagytok, a kincskeres\u00e9s v\u00e9g\u00e9n megtal\u00e1lj\u00e1tok az ibolya illat\u00e1t is. A j\u00e1t\u00e9k sor\u00e1n v\u00e1ltozatos \u00fatvonalon rejtettem el a nyomokat, \u00edgy az idilli kisv\u00e1rosi r\u00e9szek mellett megcsod\u00e1lhatj\u00e1tok az egykori kir\u00e1lyi kast\u00e9ly pomp\u00e1j\u00e1t, \u00e9s erd\u0151ben, parkokban val\u00f3 keresg\u00e9l\u00e9sre is b\u0151ven sz\u00e1m\u00edthattok. Ha g\u00f6d\u00f6ll\u0151iek vagytok, a j\u00e1t\u00e9k ut\u00e1n m\u00e1s szemmel l\u00e1tj\u00e1tok majd az otthonotokat, ha pedig m\u00e1shonnan \u00e9rkeztek, megismerhetitek a v\u00e1ros legszebb r\u00e9szeit! Magyarul \u00e9s angolul j\u00e1tszhattok. A Sisi p\u00e1lya 16 \u00e1llom\u00e1sa \u00e1tlagosan b\u0151 3 \u00f3ra alatt teljes\u00edthet\u0151, ha kisebb gyerekekkel \u00e9rkeztek, vagy ha nem \u00e9rzitek magatokat el\u00e9g rutinos kincskeres\u0151nek, indul\u00e1skor v\u00e1laszhatj\u00e1tok a \u201eSisi r\u00f6vid\u201d csomagot is, \u00edgy egy kicsit k\u00f6nnyebb, r\u00f6videbb p\u00e1ly\u00e1n is mehettek (3,4 km, 11 \u00e1llom\u00e1s, 2 \u2013 2,5 \u00f3ra).<\/p>\n\n\n\n<p>V\u00e1runk Titeket! Kalandra fel!<\/p>\n\n\n\n<p><\/p>","protected":false},"excerpt":{"rendered":"<p>Az itteni p\u00e1lya Erzs\u00e9bet kir\u00e1lyn\u00e9, Sisi kedvenc vir\u00e1ga ut\u00e1n az ibolya sz\u00edn\u00e9t kapta, \u00e9s ha \u00fcgyesek vagytok, a kincskeres\u00e9s v\u00e9g\u00e9n megtal\u00e1lj\u00e1tok az ibolya illat\u00e1t is. A j\u00e1t\u00e9k sor\u00e1n v\u00e1ltozatos \u00fatvonalon rejtettem el a nyomokat, \u00edgy az idilli kisv\u00e1rosi r\u00e9szek mellett megcsod\u00e1lhatj\u00e1tok az egykori kir\u00e1lyi kast\u00e9ly pomp\u00e1j\u00e1t, \u00e9s erd\u0151ben, parkokban val\u00f3 keresg\u00e9l\u00e9sre is b\u0151ven sz\u00e1m\u00edthattok. Ha [&hellip;]<\/p>","protected":false},"author":1,"featured_media":0,"parent":900,"menu_order":0,"comment_status":"closed","ping_status":"closed","template":"track.php","meta":{"_acf_changed":false,"footnotes":""},"class_list":["post-902","page","type-page","status-publish","hentry"],"acf":[],"_links":{"self":[{"href":"https:\/\/godollo.urbango.hu\/en\/wp-json\/wp\/v2\/pages\/902"}],"collection":[{"href":"https:\/\/godollo.urbango.hu\/en\/wp-json\/wp\/v2\/pages"}],"about":[{"href":"https:\/\/godollo.urbango.hu\/en\/wp-json\/wp\/v2\/types\/page"}],"author":[{"embeddable":true,"href":"https:\/\/godollo.urbango.hu\/en\/wp-json\/wp\/v2\/users\/1"}],"replies":[{"embeddable":true,"href":"https:\/\/godollo.urbango.hu\/en\/wp-json\/wp\/v2\/comments?post=902"}],"version-history":[{"count":5,"href":"https:\/\/godollo.urbango.hu\/en\/wp-json\/wp\/v2\/pages\/902\/revisions"}],"predecessor-version":[{"id":2919,"href":"https:\/\/godollo.urbango.hu\/en\/wp-json\/wp\/v2\/pages\/902\/revisions\/2919"}],"up":[{"embeddable":true,"href":"https:\/\/godollo.urbango.hu\/en\/wp-json\/wp\/v2\/pages\/900"}],"wp:attachment":[{"href":"https:\/\/godollo.urbango.hu\/en\/wp-json\/wp\/v2\/media?parent=902"}],"curies":[{"name":"wp","href":"https:\/\/api.w.org\/{rel}","templated":true}]}}

<p>Az itteni pálya Erzsébet királyné, Sisi kedvenc virága után az ibolya színét kapta, és ha ügyesek vagytok, a kincskeresés végén megtaláljátok az ibolya illatát is. A játék során változatos útvonalon rejtettem el a nyomokat, így az idilli kisvárosi részek mellett megcsodálhatjátok az egykori királyi kastély pompáját, és erdőben, parkokban való keresgélésre is bőven számíthattok. Ha gödöllőiek vagytok, a játék után más szemmel látjátok majd az otthonotokat, ha pedig máshonnan érkeztek, megismerhetitek a város legszebb részeit! Magyarul és angolul játszhattok. A Sisi pálya 16 állomása átlagosan bő 3 óra alatt teljesíthető, ha kisebb gyerekekkel érkeztek, vagy ha nem érzitek magatokat elég rutinos kincskeresőnek, induláskor válaszhatjátok a „Sisi rövid” csomagot is, így egy kicsit könnyebb, rövidebb pályán is mehettek (3,4 km, 11 állomás, 2 – 2,5 óra).</p>



<p>Várunk Titeket! Kalandra fel!</p>



<p></p>

<p>Az itteni pálya Erzsébet királyné, Sisi kedvenc virága után az ibolya színét kapta, és ha ügyesek vagytok, a kincskeresés végén megtaláljátok az ibolya illatát is. A játék során változatos útvonalon rejtettem el a nyomokat, így az idilli kisvárosi részek mellett megcsodálhatjátok az egykori királyi kastély pompáját, és erdőben, parkokban való keresgélésre is bőven számíthattok. Ha [&hellip;]</p>
